{"id":3946,"date":"2026-03-10T07:24:31","date_gmt":"2026-03-10T06:24:31","guid":{"rendered":"https:\/\/alatcentar.com\/?post_type=product&#038;p=3946"},"modified":"2026-03-10T07:25:53","modified_gmt":"2026-03-10T06:25:53","slug":"gradjevinski-laser-milwaukee-stalak-120cm-novo","status":"publish","type":"product","link":"https:\/\/alatcentar.com\/?product=gradjevinski-laser-milwaukee-stalak-120cm-novo","title":{"rendered":"Gra\u0111evinski laser Milwaukee + stalak 120cm NOVO"},"content":{"rendered":"<p> Milwaukee Laser set sa stalkom<\/p>\n<p>\u2705 Profesionalni Milwaukee laser sa kompletnom opremom: stativ, baterije, punja\u010d, zidni nosa\u010d, za\u0161titne nao\u010dale<br \/>\n\u2705 Precizno nivelisanje i poravnavanje linija \u2013 idealan za gra\u0111evinske i zavr\u0161ne radove<\/p>\n<p> Cijena: 119,90 KM<br \/>\n Dostava: 10 KM (24-48h)<\/p>\n","protected":false},"excerpt":{"rendered":"<p> Milwaukee Laser set sa stalkom<\/p>\n<p>\u2705 Profesionalni Milwaukee laser sa kompletnom opremom: stativ, baterije, punja\u010d, zidni nosa\u010d, za\u0161titne nao\u010dale<br \/>\n\u2705 Precizno nivelisanje i poravnavanje linija \u2013 idealan za gra\u0111evinske i zavr\u0161ne radove<\/p>\n<p> Cijena: 119,90 KM<br \/>\n Dostava: 10 KM (24-48h)<\/p>\n","protected":false},"featured_media":3974,"comment_status":"open","ping_status":"closed","template":"","meta":[],"product_brand":[],"product_cat":[15,41,38],"product_tag":[],"class_list":{"0":"post-3946","1":"product","2":"type-product","3":"status-publish","4":"has-post-thumbnail","6":"product_cat-nekategorisano","7":"product_cat-gradjevinarstvo","8":"product_cat-masine-i-alati","10":"first","11":"instock","12":"sale","13":"shipping-taxable","14":"purchasable","15":"product-type-simple"},"_links":{"self":[{"href":"https:\/\/alatcentar.com\/index.php?rest_route=\/wp\/v2\/product\/3946","targetHints":{"allow":["GET"]}}],"collection":[{"href":"https:\/\/alatcentar.com\/index.php?rest_route=\/wp\/v2\/product"}],"about":[{"href":"https:\/\/alatcentar.com\/index.php?rest_route=\/wp\/v2\/types\/product"}],"replies":[{"embeddable":true,"href":"https:\/\/alatcentar.com\/index.php?rest_route=%2Fwp%2Fv2%2Fcomments&post=3946"}],"wp:featuredmedia":[{"embeddable":true,"href":"https:\/\/alatcentar.com\/index.php?rest_route=\/wp\/v2\/media\/3974"}],"wp:attachment":[{"href":"https:\/\/alatcentar.com\/index.php?rest_route=%2Fwp%2Fv2%2Fmedia&parent=3946"}],"wp:term":[{"taxonomy":"product_brand","embeddable":true,"href":"https:\/\/alatcentar.com\/index.php?rest_route=%2Fwp%2Fv2%2Fproduct_brand&post=3946"},{"taxonomy":"product_cat","embeddable":true,"href":"https:\/\/alatcentar.com\/index.php?rest_route=%2Fwp%2Fv2%2Fproduct_cat&post=3946"},{"taxonomy":"product_tag","embeddable":true,"href":"https:\/\/alatcentar.com\/index.php?rest_route=%2Fwp%2Fv2%2Fproduct_tag&post=3946"}],"curies":[{"name":"wp","href":"https:\/\/api.w.org\/{rel}","templated":true}]}}