{"id":3935,"date":"2026-03-10T07:24:31","date_gmt":"2026-03-10T06:24:31","guid":{"rendered":"https:\/\/alatcentar.com\/?post_type=product&#038;p=3935"},"modified":"2026-03-10T07:24:40","modified_gmt":"2026-03-10T06:24:40","slug":"agregat-smith-austria-65kw-novi-model","status":"publish","type":"product","link":"https:\/\/alatcentar.com\/?product=agregat-smith-austria-65kw-novi-model","title":{"rendered":"Agregat SMITH AUSTRIA 6,5kw NOVI MODEL"},"content":{"rendered":"<p>Agregat SMITH AUSTRIA 6,5 kW \u2013 Snaga i pouzdanost za sve va\u0161e potrebe!<\/p>\n<p>Ovaj kvalitetni agregat SMITH iz Austrije pru\u017ea sna\u017enih 6,5 kW snage, idealan za napajanje ku\u0107nih ure\u0111aja, alata ili u hitnim situacijama. Opremljen je dvjema monofaznim uti\u010dnicama za jednostavno priklju\u010denje vi\u0161e ure\u0111aja istovremeno.<\/p>\n<p>Glavne karakteristike:<\/p>\n<ul>\n<li>Snaga: 6,5 kW<\/li>\n<li>Motor: OHV (Overhead Valve) \u2013 efikasan i dugotrajan<\/li>\n<li>Paljenje: na \u0161pagu \u2013 brzo i jednostavno pokretanje<\/li>\n<li>Dvije monofazne uti\u010dnice za prakti\u010dnost<\/li>\n<li>Izdr\u017eljiva konstrukcija za dug radni vijek<\/li>\n<\/ul>\n<p>Osigurajte stabilno i sigurno napajanje gdje god vam treba \u2013 naru\u010dite svoj SMITH agregat ve\u0107 danas!<\/p>\n","protected":false},"excerpt":{"rendered":"<p>Agregat SMITH AUSTRIA 6,5 kW \u2013 Snaga i pouzdanost za sve va\u0161e potrebe!<\/p>\n<p>Ovaj kvalitetni agregat SMITH iz Austrije pru\u017ea sna\u017enih 6,5 kW snage, idealan za napajanje ku\u0107nih ure\u0111aja, alata ili u hitnim situacijama. Opremljen je dvjema monofaznim uti\u010dnicama za jednostavno priklju\u010denje vi\u0161e ure\u0111aja istovremeno.<\/p>\n<p>Glavne karakteristike:<\/p>\n<ul>\n<li>Snaga: 6,5 kW<\/li>\n<li>Motor: OHV (Overhead Valve) \u2013 efikasan i dugotrajan<\/li>\n<li>Paljenje: na \u0161pagu \u2013 brzo i jednostavno pokretanje<\/li>\n<li>Dvije monofazne uti\u010dnice za prakti\u010dnost<\/li>\n<li>Izdr\u017eljiva konstrukcija za dug radni vijek<\/li>\n<\/ul>\n<p>Cijena: 489,9 KM<\/p>\n<p>Dostava: BESPLATNA<\/p>\n<p>Osigurajte stabilno i sigurno napajanje gdje god vam treba \u2013 naru\u010dite svoj SMITH agregat ve\u0107 danas!<\/p>\n","protected":false},"featured_media":3955,"comment_status":"open","ping_status":"closed","template":"","meta":[],"product_brand":[],"product_cat":[15,41,38],"product_tag":[],"class_list":{"0":"post-3935","1":"product","2":"type-product","3":"status-publish","4":"has-post-thumbnail","6":"product_cat-nekategorisano","7":"product_cat-gradjevinarstvo","8":"product_cat-masine-i-alati","10":"first","11":"instock","12":"sale","13":"shipping-taxable","14":"purchasable","15":"product-type-simple"},"_links":{"self":[{"href":"https:\/\/alatcentar.com\/index.php?rest_route=\/wp\/v2\/product\/3935","targetHints":{"allow":["GET"]}}],"collection":[{"href":"https:\/\/alatcentar.com\/index.php?rest_route=\/wp\/v2\/product"}],"about":[{"href":"https:\/\/alatcentar.com\/index.php?rest_route=\/wp\/v2\/types\/product"}],"replies":[{"embeddable":true,"href":"https:\/\/alatcentar.com\/index.php?rest_route=%2Fwp%2Fv2%2Fcomments&post=3935"}],"wp:featuredmedia":[{"embeddable":true,"href":"https:\/\/alatcentar.com\/index.php?rest_route=\/wp\/v2\/media\/3955"}],"wp:attachment":[{"href":"https:\/\/alatcentar.com\/index.php?rest_route=%2Fwp%2Fv2%2Fmedia&parent=3935"}],"wp:term":[{"taxonomy":"product_brand","embeddable":true,"href":"https:\/\/alatcentar.com\/index.php?rest_route=%2Fwp%2Fv2%2Fproduct_brand&post=3935"},{"taxonomy":"product_cat","embeddable":true,"href":"https:\/\/alatcentar.com\/index.php?rest_route=%2Fwp%2Fv2%2Fproduct_cat&post=3935"},{"taxonomy":"product_tag","embeddable":true,"href":"https:\/\/alatcentar.com\/index.php?rest_route=%2Fwp%2Fv2%2Fproduct_tag&post=3935"}],"curies":[{"name":"wp","href":"https:\/\/api.w.org\/{rel}","templated":true}]}}