{"id":3934,"date":"2026-03-10T07:24:31","date_gmt":"2026-03-10T06:24:31","guid":{"rendered":"https:\/\/alatcentar.com\/?post_type=product&#038;p=3934"},"modified":"2026-03-10T07:24:38","modified_gmt":"2026-03-10T06:24:38","slug":"pumpa-muljara-smith-3700w-sa-20-metara-vatrogasnog-crijeva","status":"publish","type":"product","link":"https:\/\/alatcentar.com\/?product=pumpa-muljara-smith-3700w-sa-20-metara-vatrogasnog-crijeva","title":{"rendered":"Pumpa muljara SMITH 3700W sa 20 metara vatrogasnog crijeva"},"content":{"rendered":"<p>Pumpa muljara SMITH 3700W \u2013 Snaga i pouzdanost za svaki posao!<\/p>\n<p>Ova mo\u0107na pumpa muljara SMITH sa snagom od 3700W idealna je za navodnjavanje, ispumpavanje vode iz bunara, ba\u0161tenske radove i druge potrebe. Dolazi u paketu sa 20 metara vatrogasnog crijeva, \u0161to vam omogu\u0107ava da brzo i lako obavite posao bez dodatnih tro\u0161kova za opremu.<\/p>\n<p>Glavne karakteristike:<\/p>\n<ul>\n<li>Snaga: 3700W<\/li>\n<li>Duga\u010dko vatrogasno crijevo: 20 m<\/li>\n<li>Jednostavna za upotrebu i odr\u017eavanje<\/li>\n<li>Izdr\u017eljiva konstrukcija za dugotrajnu upotrebu<\/li>\n<li>Pogodna za poljoprivredu, vrtove i komercijalne potrebe<\/li>\n<\/ul>\n<p>Cijena: 220 KM<\/p>\n<p>Dostava: BESPLATNA<\/p>\n<p>Ne propustite priliku da nabavite kvalitetnu pumpu po sjajnoj cijeni! Kontaktirajte nas za narud\u017ebu.<\/p>\n","protected":false},"excerpt":{"rendered":"<p>Pumpa muljara SMITH 3700W \u2013 Snaga i pouzdanost za svaki posao!<\/p>\n<p>Ova mo\u0107na pumpa muljara SMITH sa snagom od 3700W idealna je za navodnjavanje, ispumpavanje vode iz bunara, ba\u0161tenske radove i druge potrebe. Dolazi u paketu sa 20 metara vatrogasnog crijeva, \u0161to vam omogu\u0107ava da brzo i lako obavite posao bez dodatnih tro\u0161kova za opremu.<\/p>\n<p>Glavne karakteristike:<\/p>\n<ul>\n<li>Snaga: 3700W<\/li>\n<li>Duga\u010dko vatrogasno crijevo: 20 m<\/li>\n<li>Jednostavna za upotrebu i odr\u017eavanje<\/li>\n<li>Izdr\u017eljiva konstrukcija za dugotrajnu upotrebu<\/li>\n<li>Pogodna za poljoprivredu, vrtove i komercijalne potrebe<\/li>\n<\/ul>\n<p>Cijena: 220 KM<\/p>\n<p>Dostava: BESPLATNA<\/p>\n<p>Ne propustite priliku da nabavite kvalitetnu pumpu po sjajnoj cijeni! Kontaktirajte nas za narud\u017ebu.<\/p>\n","protected":false},"featured_media":3954,"comment_status":"open","ping_status":"closed","template":"","meta":[],"product_brand":[],"product_cat":[15,41,38,39],"product_tag":[],"class_list":{"0":"post-3934","1":"product","2":"type-product","3":"status-publish","4":"has-post-thumbnail","6":"product_cat-nekategorisano","7":"product_cat-gradjevinarstvo","8":"product_cat-masine-i-alati","9":"product_cat-moj-dom","11":"first","12":"instock","13":"sale","14":"shipping-taxable","15":"purchasable","16":"product-type-simple"},"_links":{"self":[{"href":"https:\/\/alatcentar.com\/index.php?rest_route=\/wp\/v2\/product\/3934","targetHints":{"allow":["GET"]}}],"collection":[{"href":"https:\/\/alatcentar.com\/index.php?rest_route=\/wp\/v2\/product"}],"about":[{"href":"https:\/\/alatcentar.com\/index.php?rest_route=\/wp\/v2\/types\/product"}],"replies":[{"embeddable":true,"href":"https:\/\/alatcentar.com\/index.php?rest_route=%2Fwp%2Fv2%2Fcomments&post=3934"}],"wp:featuredmedia":[{"embeddable":true,"href":"https:\/\/alatcentar.com\/index.php?rest_route=\/wp\/v2\/media\/3954"}],"wp:attachment":[{"href":"https:\/\/alatcentar.com\/index.php?rest_route=%2Fwp%2Fv2%2Fmedia&parent=3934"}],"wp:term":[{"taxonomy":"product_brand","embeddable":true,"href":"https:\/\/alatcentar.com\/index.php?rest_route=%2Fwp%2Fv2%2Fproduct_brand&post=3934"},{"taxonomy":"product_cat","embeddable":true,"href":"https:\/\/alatcentar.com\/index.php?rest_route=%2Fwp%2Fv2%2Fproduct_cat&post=3934"},{"taxonomy":"product_tag","embeddable":true,"href":"https:\/\/alatcentar.com\/index.php?rest_route=%2Fwp%2Fv2%2Fproduct_tag&post=3934"}],"curies":[{"name":"wp","href":"https:\/\/api.w.org\/{rel}","templated":true}]}}