{"id":3770,"date":"2026-03-10T06:04:52","date_gmt":"2026-03-10T05:04:52","guid":{"rendered":"https:\/\/alatcentar.com\/?post_type=product&#038;p=3770"},"modified":"2026-03-10T06:05:47","modified_gmt":"2026-03-10T05:05:47","slug":"auto-radio-univerzalna-multimedija-navigacija","status":"publish","type":"product","link":"https:\/\/alatcentar.com\/?product=auto-radio-univerzalna-multimedija-navigacija","title":{"rendered":"Auto Radio Univerzalna Multimedija Navigacija"},"content":{"rendered":"<p>ODGOVARA NA SVAKO AUTO SAMO SE UKLJUCI U UPALJAC I POVE\u017dE NA TELEFON<\/p>\n<p>Prenosni auto MP5 plejer<br \/>\nBe\u017ei\u010dni CarPlay i Android Auto<\/p>\n<p>Model: P6026-1<br \/>\nZa vi\u0161e informacija o multimediji, na\u010din rada i monta\u017ee pogledati uputstvo za upotrebu koje dolazi uz multimediju, kao i na slikama koje se nalaze na objavljenom artiklu.<\/p>\n<p>Opis proizvoda<\/p>\n<p>1. Funkcija prijenosa radio frekvencije<br \/>\n2. SD kartica\/USB stik (audio\/video\/slika)<br \/>\n3.Bluetooth funkcija<br \/>\n4. \u017di\u010dana mobilna projekcija ekrana, \u017ei\u010dana i be\u017ei\u010dna Android auto\/CarPlay<br \/>\n5. Funkcija stra\u017enjeg pogleda (kamera opcionalna)<br \/>\n6. Funkcija audio izlaza<\/p>\n<p>Karakteristike<\/p>\n<p>\u3010Kompatibilan sa Apple Carplay &amp; Android Auto\u3011Ovaj radio je kompatibilan sa Apple CarPlay i Android Auto, podr\u017eava pametnu glasovnu kontrolu kao \u0161to je Siri\/Google, samo pove\u017eite svoj pametni telefon, mo\u017eete pristupiti navigaciji mape, pu\u0161tati muziku, pozive, poruke itd. Oslobodite ruke i fokusirajte se na cestu.<\/p>\n<p>\u30109 in\u010dni full HD touch IPS ekran sa punim prikazom\u3011Ova multimedija za automobil ima 9 in\u010dni full HD IPS ekran koji je veoma osjetljiv na dodir, pobolj\u0161ava radnu osjetljivost i preciznost, \u0161to vam omogu\u0107ava da vidite jasnije dok vozite, i za vasu porodicu i prijatelje da gledaju filmove ili u\u017eivaju u video zapisima.<\/p>\n<p>\u3010Funkcija povezivanja Mirror Link mobilnog telefona\u3011Ova auto multimedija sa ekranom osjetljivim na dodir podr\u017eava funkciju povezivanja Mirror Link na gotovo svim Android i IOS telefonima, tako da se sav softver va\u0161eg pametnog telefona mo\u017ee lako prikazati na ekranu osjetljivim na dodir. GPS navigacija, pu\u0161tanje muzike, gledanje filmova itd. Podr\u017eava 1080P video reprodukciju.<\/p>\n<p>\u3010Nadogra\u0111eni Bluetooth sa superiornim kvalitetom zvuka\u3011Na\u0161a 5.0 Bluetooth stereo multimedija mo\u017ee odgovoriti na va\u017ene pozive dok vozite na cesti, pozivi u verziji 5.0, kvalitet zvuka je jasniji i stabilniji. Postoji mnogo opcija koje mo\u017eete podesiti kako bi zadovoljili va\u0161e potrebe za razli\u010ditim kvalitetom zvuka, \u0161to vam omogu\u0107ava da u\u017eivate u savr\u0161enom kvalitetu zvuka na putu.<\/p>\n<p>\u3010Rikverc kamera\u3011&#8221;Rikverc kamera ne dolazi uz multimediju&#8221;.<br \/>\n9-in\u010dni ekran osjetljiv na dodir \u0107e automatski prikazati sliku za vo\u017enju unazad prilikom vo\u017enje unazad. U\u010dinite svoj rad lak\u0161im, sigurnijim i u\u0161tedite vi\u0161e vremena. U uputstvu za upotrebu koje dolazi uz multimediju su detaljno prikazani koraci o\u017ei\u010denja kamere za vo\u017enju unazad, vrlo jednostavne za instalaciju.<\/p>\n<p>Specifikacija<\/p>\n<p>Model: B5303<br \/>\nTip: prijenosni auto MP5 plejer<br \/>\nCPU: F133<br \/>\nVeli\u010dina ekrana: 9 in\u010da HD<br \/>\nRadna memorija: 1Gbit DRAM<br \/>\nRadni napon: 12 ~ 36V<br \/>\nRadna temperatura: -10 ~ 60 \u2103<br \/>\nBluetooth verzija: verzija 5.0 (podrazumevano ime: CarPlay)<br \/>\nWIFI frekvencija: 2.4G\/5G dvostruka frekvencija<br \/>\nIzlazna funkcija: ugra\u0111eni zvu\u010dnik od 1W<br \/>\nGPS signal: nije podr\u017ean<br \/>\nUSB interfejs: USB 2.0<br \/>\nRadio predajnik IC: AB5301B<br \/>\nPoja\u010dalo snage IC: CS8571E<br \/>\nFrekvencija radio prenosa 88.60\/89.20\/89.50\/89.80\/91.50\/91.80\/93\/.00\/93.60\/93.90\/94.50\/95.10\/95.70MHz<\/p>\n<p>Pakovanje sadr\u017ei<br \/>\n1 x Auto multimedija sa ekranom osjetljivim na dodir,<br \/>\n1 x Kabal za napajanje sa upalja\u010da (sa 2 USB izlaza),<br \/>\n1 x Video kabal za rikverc kameru,<br \/>\n2 x Nosa\u010da za ekran (dvije vrste),<br \/>\n1 x AUX kabal,<br \/>\n1 x Uputstvo za upotrebu.<\/p>\n","protected":false},"excerpt":{"rendered":"<p style=\"text-align: left\">ODGOVARA NA SVAKO AUTO SAMO SE UKLJUCI U UPALJAC I POVE\u017dE NA TELEFON<\/p>\n<p>Prenosni auto MP5 plejer<br \/>\nBe\u017ei\u010dni CarPlay i Android Auto<\/p>\n<p>Model: P6026-1<br \/>\nZa vi\u0161e informacija o multimediji, na\u010din rada i monta\u017ee pogledati uputstvo za upotrebu koje dolazi uz multimediju, kao i na slikama koje se nalaze na objavljenom artiklu.<\/p>\n<p>Opis proizvoda<\/p>\n<p>1. Funkcija prijenosa radio frekvencije<br \/>\n2. SD kartica\/USB stik (audio\/video\/slika)<br \/>\n3.Bluetooth funkcija<br \/>\n4. \u017di\u010dana mobilna projekcija ekrana, \u017ei\u010dana i be\u017ei\u010dna Android auto\/CarPlay<br \/>\n5. Funkcija stra\u017enjeg pogleda (kamera opcionalna)<br \/>\n6. Funkcija audio izlaza<\/p>\n<p>Karakteristike<\/p>\n<p>\u3010Kompatibilan sa Apple Carplay &amp; Android Auto\u3011Ovaj radio je kompatibilan sa Apple CarPlay i Android Auto, podr\u017eava pametnu glasovnu kontrolu kao \u0161to je Siri\/Google, samo pove\u017eite svoj pametni telefon, mo\u017eete pristupiti navigaciji mape, pu\u0161tati muziku, pozive, poruke itd. Oslobodite ruke i fokusirajte se na cestu.<\/p>\n<p>\u30109 in\u010dni full HD touch IPS ekran sa punim prikazom\u3011Ova multimedija za automobil ima 9 in\u010dni full HD IPS ekran koji je veoma osjetljiv na dodir, pobolj\u0161ava radnu osjetljivost i preciznost, \u0161to vam omogu\u0107ava da vidite jasnije dok vozite, i za vasu porodicu i prijatelje da gledaju filmove ili u\u017eivaju u video zapisima.<\/p>\n<p>\u3010Funkcija povezivanja Mirror Link mobilnog telefona\u3011Ova auto multimedija sa ekranom osjetljivim na dodir podr\u017eava funkciju povezivanja Mirror Link na gotovo svim Android i IOS telefonima, tako da se sav softver va\u0161eg pametnog telefona mo\u017ee lako prikazati na ekranu osjetljivim na dodir. GPS navigacija, pu\u0161tanje muzike, gledanje filmova itd. Podr\u017eava 1080P video reprodukciju.<\/p>\n<p>\u3010Nadogra\u0111eni Bluetooth sa superiornim kvalitetom zvuka\u3011Na\u0161a 5.0 Bluetooth stereo multimedija mo\u017ee odgovoriti na va\u017ene pozive dok vozite na cesti, pozivi u verziji 5.0, kvalitet zvuka je jasniji i stabilniji. Postoji mnogo opcija koje mo\u017eete podesiti kako bi zadovoljili va\u0161e potrebe za razli\u010ditim kvalitetom zvuka, \u0161to vam omogu\u0107ava da u\u017eivate u savr\u0161enom kvalitetu zvuka na putu.<\/p>\n<p>\u3010Rikverc kamera\u3011&#8221;Rikverc kamera ne dolazi uz multimediju&#8221;.<br \/>\n9-in\u010dni ekran osjetljiv na dodir \u0107e automatski prikazati sliku za vo\u017enju unazad prilikom vo\u017enje unazad. U\u010dinite svoj rad lak\u0161im, sigurnijim i u\u0161tedite vi\u0161e vremena. U uputstvu za upotrebu koje dolazi uz multimediju su detaljno prikazani koraci o\u017ei\u010denja kamere za vo\u017enju unazad, vrlo jednostavne za instalaciju.<\/p>\n<p>Specifikacija<\/p>\n<p>Model: B5303<br \/>\nTip: prijenosni auto MP5 plejer<br \/>\nCPU: F133<br \/>\nVeli\u010dina ekrana: 9 in\u010da HD<br \/>\nRadna memorija: 1Gbit DRAM<br \/>\nRadni napon: 12 ~ 36V<br \/>\nRadna temperatura: -10 ~ 60 \u2103<br \/>\nBluetooth verzija: verzija 5.0 (podrazumevano ime: CarPlay)<br \/>\nWIFI frekvencija: 2.4G\/5G dvostruka frekvencija<br \/>\nIzlazna funkcija: ugra\u0111eni zvu\u010dnik od 1W<br \/>\nGPS signal: nije podr\u017ean<br \/>\nUSB interfejs: USB 2.0<br \/>\nRadio predajnik IC: AB5301B<br \/>\nPoja\u010dalo snage IC: CS8571E<br \/>\nFrekvencija radio prenosa 88.60\/89.20\/89.50\/89.80\/91.50\/91.80\/93\/.00\/93.60\/93.90\/94.50\/95.10\/95.70MHz<\/p>\n<p>Pakovanje sadr\u017ei<br \/>\n1 x Auto multimedija sa ekranom osjetljivim na dodir,<br \/>\n1 x Kabal za napajanje sa upalja\u010da (sa 2 USB izlaza),<br \/>\n1 x Video kabal za rikverc kameru,<br \/>\n2 x Nosa\u010da za ekran (dvije vrste),<br \/>\n1 x AUX kabal,<br \/>\n1 x Uputstvo za upotrebu.<\/p>\n","protected":false},"featured_media":3799,"comment_status":"open","ping_status":"closed","template":"","meta":[],"product_brand":[],"product_cat":[43,39],"product_tag":[],"class_list":{"0":"post-3770","1":"product","2":"type-product","3":"status-publish","4":"has-post-thumbnail","6":"product_cat-dijelovi-za-vozila","7":"product_cat-moj-dom","9":"first","10":"instock","11":"sale","12":"shipping-taxable","13":"purchasable","14":"product-type-simple"},"_links":{"self":[{"href":"https:\/\/alatcentar.com\/index.php?rest_route=\/wp\/v2\/product\/3770","targetHints":{"allow":["GET"]}}],"collection":[{"href":"https:\/\/alatcentar.com\/index.php?rest_route=\/wp\/v2\/product"}],"about":[{"href":"https:\/\/alatcentar.com\/index.php?rest_route=\/wp\/v2\/types\/product"}],"replies":[{"embeddable":true,"href":"https:\/\/alatcentar.com\/index.php?rest_route=%2Fwp%2Fv2%2Fcomments&post=3770"}],"wp:featuredmedia":[{"embeddable":true,"href":"https:\/\/alatcentar.com\/index.php?rest_route=\/wp\/v2\/media\/3799"}],"wp:attachment":[{"href":"https:\/\/alatcentar.com\/index.php?rest_route=%2Fwp%2Fv2%2Fmedia&parent=3770"}],"wp:term":[{"taxonomy":"product_brand","embeddable":true,"href":"https:\/\/alatcentar.com\/index.php?rest_route=%2Fwp%2Fv2%2Fproduct_brand&post=3770"},{"taxonomy":"product_cat","embeddable":true,"href":"https:\/\/alatcentar.com\/index.php?rest_route=%2Fwp%2Fv2%2Fproduct_cat&post=3770"},{"taxonomy":"product_tag","embeddable":true,"href":"https:\/\/alatcentar.com\/index.php?rest_route=%2Fwp%2Fv2%2Fproduct_tag&post=3770"}],"curies":[{"name":"wp","href":"https:\/\/api.w.org\/{rel}","templated":true}]}}