{"id":3769,"date":"2026-03-10T06:04:52","date_gmt":"2026-03-10T05:04:52","guid":{"rendered":"https:\/\/alatcentar.com\/?post_type=product&#038;p=3769"},"modified":"2026-03-10T06:05:45","modified_gmt":"2026-03-10T05:05:45","slug":"masina-za-mljevenje-mesa-8-230kg-h","status":"publish","type":"product","link":"https:\/\/alatcentar.com\/?product=masina-za-mljevenje-mesa-8-230kg-h","title":{"rendered":"Ma\u0161ina za mljevenje mesa 8\u201d 230kg\/h"},"content":{"rendered":"<p>Profesionalna ma\u0161ina za mljevenje mesa \u2013 \u201cosmica\u201d snage 600 W i kapaciteta 230 kg\/h idealna je za doma\u0107instva, restorane i mesnice. Zahvaljuju\u0107i sna\u017enom motoru i metalnoj konstrukciji, omogu\u0107ava brzo i efikasno mljevenje mesa bez zaglavljivanja.<\/p>\n<p>inox posu\u0111e i nastavci<\/p>\n<p>Izra\u0111ena je od kvalitetnih materijala koji osiguravaju dugotrajnost i jednostavno \u010di\u0161\u0107enje. Posjeduje reverz funkciju (povratni hod) koja olak\u0161ava ot\u010depljivanje, te vi\u0161e nastavaka za razli\u010dite vrste mljevenja.<\/p>\n<p>\u2705 Snaga: 600 W<\/p>\n<p>\u2705 Kapacitet: 230 kg\/h<\/p>\n<p>\u2705 Reverz funkcija<\/p>\n<p>\u2705 Kvalitetna metalna konstrukcija<\/p>\n<p>\u2705 Jednostavno \u010di\u0161\u0107enje i odr\u017eavanje<\/p>\n<p>\u2705 Idealna za doma\u0107u i profesionalnu upotrebu<\/p>\n<p>Cijena: 249,90 KM<\/p>\n<p>Dostava besplatna!<\/p>\n<p>Paket mo\u017eete otvoriti i pregledati prije preuzimanja.<\/p>\n","protected":false},"excerpt":{"rendered":"<p>Profesionalna ma\u0161ina za mljevenje mesa \u2013 \u201cosmica\u201d snage 3000 W i kapaciteta 230 kg\/h idealna je za doma\u0107instva, restorane i mesnice. Zahvaljuju\u0107i sna\u017enom motoru i metalnoj konstrukciji, omogu\u0107ava brzo i efikasno mljevenje mesa bez zaglavljivanja.<\/p>\n<p>Izra\u0111ena je od kvalitetnih materijala koji osiguravaju dugotrajnost i jednostavno \u010di\u0161\u0107enje. Posjeduje reverz funkciju (povratni hod) koja olak\u0161ava ot\u010depljivanje, te vi\u0161e nastavaka za razli\u010dite vrste mljevenja.<\/p>\n<p>\u2705 Snaga: 3000 W<\/p>\n<p>\u2705 Kapacitet: 230 kg\/h<\/p>\n<p>\u2705 Reverz funkcija<\/p>\n<p>\u2705 Kvalitetna metalna konstrukcija<\/p>\n<p>\u2705 Jednostavno \u010di\u0161\u0107enje i odr\u017eavanje<\/p>\n<p>\u2705 Idealna za doma\u0107u i profesionalnu upotrebu<\/p>\n<p> Cijena: 249,90 KM<\/p>\n<p> Dostava besplatna!<\/p>\n<p> Paket mo\u017eete otvoriti i pregledati prije preuzimanja.<\/p>\n","protected":false},"featured_media":3798,"comment_status":"open","ping_status":"closed","template":"","meta":[],"product_brand":[],"product_cat":[15,38,39,40],"product_tag":[],"class_list":{"0":"post-3769","1":"product","2":"type-product","3":"status-publish","4":"has-post-thumbnail","6":"product_cat-nekategorisano","7":"product_cat-masine-i-alati","8":"product_cat-moj-dom","9":"product_cat-tehnika","11":"first","12":"instock","13":"sale","14":"shipping-taxable","15":"purchasable","16":"product-type-simple"},"_links":{"self":[{"href":"https:\/\/alatcentar.com\/index.php?rest_route=\/wp\/v2\/product\/3769","targetHints":{"allow":["GET"]}}],"collection":[{"href":"https:\/\/alatcentar.com\/index.php?rest_route=\/wp\/v2\/product"}],"about":[{"href":"https:\/\/alatcentar.com\/index.php?rest_route=\/wp\/v2\/types\/product"}],"replies":[{"embeddable":true,"href":"https:\/\/alatcentar.com\/index.php?rest_route=%2Fwp%2Fv2%2Fcomments&post=3769"}],"wp:featuredmedia":[{"embeddable":true,"href":"https:\/\/alatcentar.com\/index.php?rest_route=\/wp\/v2\/media\/3798"}],"wp:attachment":[{"href":"https:\/\/alatcentar.com\/index.php?rest_route=%2Fwp%2Fv2%2Fmedia&parent=3769"}],"wp:term":[{"taxonomy":"product_brand","embeddable":true,"href":"https:\/\/alatcentar.com\/index.php?rest_route=%2Fwp%2Fv2%2Fproduct_brand&post=3769"},{"taxonomy":"product_cat","embeddable":true,"href":"https:\/\/alatcentar.com\/index.php?rest_route=%2Fwp%2Fv2%2Fproduct_cat&post=3769"},{"taxonomy":"product_tag","embeddable":true,"href":"https:\/\/alatcentar.com\/index.php?rest_route=%2Fwp%2Fv2%2Fproduct_tag&post=3769"}],"curies":[{"name":"wp","href":"https:\/\/api.w.org\/{rel}","templated":true}]}}