{"id":3766,"date":"2026-03-10T06:04:51","date_gmt":"2026-03-10T05:04:51","guid":{"rendered":"https:\/\/alatcentar.com\/?post_type=product&#038;p=3766"},"modified":"2026-03-10T06:05:10","modified_gmt":"2026-03-10T05:05:10","slug":"elektricna-dizalica-1200kg-straus-austria-1800w","status":"publish","type":"product","link":"https:\/\/alatcentar.com\/?product=elektricna-dizalica-1200kg-straus-austria-1800w","title":{"rendered":"ELEKTRI\u010cNA DIZALICA 1200Kg STRAUS AUSTRIA 1800W"},"content":{"rendered":"<p> ELEKTRI\u010cNA DIZALICA 1200 KG &#8211; 1800 W STRAUS AUSTRIA<br \/>\n Cijena 229,9 KM<br \/>\n\u27a1\ufe0f Dostava besplatna<\/p>\n<p>\u2714 VISOKOKVALITETNA IZRADA<br \/>\n\u2714 KVALITETAN MOTOR I GRANI\u010cNI PREKIDA\u010c<br \/>\n\u2714 DALJINSKO UPRAVLJANJE &#8211; \u017di\u010dani daljinski upravlja\u010d du\u017eine 2 m.<br \/>\n\u2714 Sklopka za upravljanje opremljena je sigurnosnim termo prekida\u010dem, koji garantuje sigurno isklju\u010denje.<br \/>\n\u2714 Motor sa za\u0161titom od preoptere\u0107enja spre\u010dava pregrijavanje.<br \/>\n\u2714 Sajla koja je ugra\u0111ena u dizalicu spre\u010dava okretanje tereta u zraku, a sigurnosna kuka spre\u010dava slu\u010dajno otka\u010danje tereta.<br \/>\n\u2714 Kori\u0161tenjem kotura pove\u0107ava se maksimalna te\u017eina tereta.<br \/>\n\u2714 Elektri\u010dna dizalica se montira pomo\u0107u dva prilo\u017eena nosa\u010da.<br \/>\n\u2714 Elektri\u010dna dizalica pogodna je za fabrike, skladi\u0161ta, gra\u0111evinske poslove, dizanje robe, idealno za te\u0161ke unutra\u0161nje ili vanjske uslove.<br \/>\n\u2714 U paketu dolazi dodatna kuka.<\/p>\n<p>\u27a1\ufe0f Karakteristike:<br \/>\n\u2714 Snaga: 1800 W<br \/>\n\u2714 Napon: 230 V ~ 50 Hz<br \/>\n\u2714 Nosivost: 1200 kg<br \/>\n\u2714 Radna visina: 10 m \/ 20 m<br \/>\n\u2714 Te\u017eina podizanja bez kotura: 600 kg<br \/>\n\u2714 Te\u017eina podizaja sa koturom: 1200 kg<br \/>\n\u2714 Visina podizanja bez kotura: 20 m<br \/>\n\u2714 Visina podizanja sa koturom: 10 m<br \/>\n\u2714 Te\u017eina: 15 kg<br \/>\n\u2714 Brzina dizanja: 4 m\/min &#8211; 8 m\/min<br \/>\n\u2714 Pre\u010dnik sajle: 5.2 mm<\/p>\n<p> Za narud\u017ebu po\u0161aljite:<br \/>\n\u2714 Ime i prezime<br \/>\n\u2714 Adresa<br \/>\n\u2714 Grad<br \/>\n\u2714 Broj telefona.<\/p>\n","protected":false},"excerpt":{"rendered":"<p> ELEKTRI\u010cNA DIZALICA 1200 KG &#8211; 1800 W STRAUS AUSTRIA<br \/>\n Cijena 229,9 KM<br \/>\n\u27a1\ufe0f Dostava besplatna<\/p>\n<p>\u2714 VISOKOKVALITETNA IZRADA<br \/>\n\u2714 KVALITETAN MOTOR I GRANI\u010cNI PREKIDA\u010c<br \/>\n\u2714 DALJINSKO UPRAVLJANJE &#8211; \u017di\u010dani daljinski upravlja\u010d du\u017eine 2 m.<br \/>\n\u2714 Sklopka za upravljanje opremljena je sigurnosnim termo prekida\u010dem, koji garantuje sigurno isklju\u010denje.<br \/>\n\u2714 Motor sa za\u0161titom od preoptere\u0107enja spre\u010dava pregrijavanje.<br \/>\n\u2714 Sajla koja je ugra\u0111ena u dizalicu spre\u010dava okretanje tereta u zraku, a sigurnosna kuka spre\u010dava slu\u010dajno otka\u010danje tereta.<br \/>\n\u2714 Kori\u0161tenjem kotura pove\u0107ava se maksimalna te\u017eina tereta.<br \/>\n\u2714 Elektri\u010dna dizalica se montira pomo\u0107u dva prilo\u017eena nosa\u010da.<br \/>\n\u2714 Elektri\u010dna dizalica pogodna je za fabrike, skladi\u0161ta, gra\u0111evinske poslove, dizanje robe, idealno za te\u0161ke unutra\u0161nje ili vanjske uslove.<br \/>\n\u2714 U paketu dolazi dodatna kuka.<\/p>\n<p>\u27a1\ufe0f Karakteristike:<br \/>\n\u2714 Snaga: 1800 W<br \/>\n\u2714 Napon: 230 V ~ 50 Hz<br \/>\n\u2714 Nosivost: 1200 kg<br \/>\n\u2714 Radna visina: 10 m \/ 20 m<br \/>\n\u2714 Te\u017eina podizanja bez kotura: 600 kg<br \/>\n\u2714 Te\u017eina podizaja sa koturom: 1200 kg<br \/>\n\u2714 Visina podizanja bez kotura: 20 m<br \/>\n\u2714 Visina podizanja sa koturom: 10 m<br \/>\n\u2714 Te\u017eina: 15 kg<br \/>\n\u2714 Brzina dizanja: 4 m\/min &#8211; 8 m\/min<br \/>\n\u2714 Pre\u010dnik sajle: 5.2 mm<\/p>\n<p> Za narud\u017ebu po\u0161aljite:<br \/>\n\u2714 Ime i prezime<br \/>\n\u2714 Adresa<br \/>\n\u2714 Grad<br \/>\n\u2714 Broj telefona.<\/p>\n","protected":false},"featured_media":3789,"comment_status":"open","ping_status":"closed","template":"","meta":[],"product_brand":[],"product_cat":[15,41,38],"product_tag":[],"class_list":{"0":"post-3766","1":"product","2":"type-product","3":"status-publish","4":"has-post-thumbnail","6":"product_cat-nekategorisano","7":"product_cat-gradjevinarstvo","8":"product_cat-masine-i-alati","10":"first","11":"instock","12":"sale","13":"shipping-taxable","14":"purchasable","15":"product-type-simple"},"_links":{"self":[{"href":"https:\/\/alatcentar.com\/index.php?rest_route=\/wp\/v2\/product\/3766","targetHints":{"allow":["GET"]}}],"collection":[{"href":"https:\/\/alatcentar.com\/index.php?rest_route=\/wp\/v2\/product"}],"about":[{"href":"https:\/\/alatcentar.com\/index.php?rest_route=\/wp\/v2\/types\/product"}],"replies":[{"embeddable":true,"href":"https:\/\/alatcentar.com\/index.php?rest_route=%2Fwp%2Fv2%2Fcomments&post=3766"}],"wp:featuredmedia":[{"embeddable":true,"href":"https:\/\/alatcentar.com\/index.php?rest_route=\/wp\/v2\/media\/3789"}],"wp:attachment":[{"href":"https:\/\/alatcentar.com\/index.php?rest_route=%2Fwp%2Fv2%2Fmedia&parent=3766"}],"wp:term":[{"taxonomy":"product_brand","embeddable":true,"href":"https:\/\/alatcentar.com\/index.php?rest_route=%2Fwp%2Fv2%2Fproduct_brand&post=3766"},{"taxonomy":"product_cat","embeddable":true,"href":"https:\/\/alatcentar.com\/index.php?rest_route=%2Fwp%2Fv2%2Fproduct_cat&post=3766"},{"taxonomy":"product_tag","embeddable":true,"href":"https:\/\/alatcentar.com\/index.php?rest_route=%2Fwp%2Fv2%2Fproduct_tag&post=3766"}],"curies":[{"name":"wp","href":"https:\/\/api.w.org\/{rel}","templated":true}]}}