{"id":3717,"date":"2026-03-10T06:00:57","date_gmt":"2026-03-10T05:00:57","guid":{"rendered":"https:\/\/alatcentar.com\/?post_type=product&#038;p=3717"},"modified":"2026-03-10T06:02:10","modified_gmt":"2026-03-10T05:02:10","slug":"dewalt-busilica-metalna-stezna-glava-88v","status":"publish","type":"product","link":"https:\/\/alatcentar.com\/?product=dewalt-busilica-metalna-stezna-glava-88v","title":{"rendered":"DeWALT bu\u0161ilica metalna stezna glava 88V"},"content":{"rendered":"<p>&#x1f527; DeWalt be\u017ei\u010dna bu\u0161ilica sa metalnom steznom glavom<\/p>\n<p>&#x2705; Baterija: 88V<\/p>\n<p>&#x2705; U kompletu u koferu: bu\u0161ilica, 2 baterije, punja\u010d i gedore<\/p>\n<p>&#x1f4a1; Prednosti i karakteristike:<\/p>\n<p>\u2022 Metalna stezna glava za dugotrajnost i precizno bu\u0161enje<\/p>\n<p>\u2022 Mo\u0107na 88V baterija za dug rad bez prekida<\/p>\n<p>\u2022 Be\u017ei\u010dna izvedba za maksimalnu mobilnost i fleksibilnost<\/p>\n<p>\u2022 Idealna za ku\u0107ne majstore i profesionalce<\/p>\n<p>&#x1f4aa; Komplet uklju\u010duje sve \u0161to vam treba za rad odmah: bu\u0161ilicu, dvije baterije, punja\u010d i set gedora.<\/p>\n","protected":false},"excerpt":{"rendered":"<p>&#x1f527; DeWalt be\u017ei\u010dna bu\u0161ilica sa metalnom steznom glavom &#x2705; Baterija: 88V &#x2705; U kompletu u koferu: bu\u0161ilica, 2 baterije, punja\u010d i gedore &#x1f4a1; Prednosti i karakteristike: \u2022 Metalna stezna glava za dugotrajnost i precizno bu\u0161enje \u2022 Mo\u0107na 88V baterija za dug rad bez prekida \u2022 Be\u017ei\u010dna izvedba za maksimalnu mobilnost i fleksibilnost \u2022 Idealna za [&hellip;]<\/p>\n","protected":false},"featured_media":3740,"comment_status":"open","ping_status":"closed","template":"","meta":[],"product_brand":[],"product_cat":[15],"product_tag":[],"class_list":{"0":"post-3717","1":"product","2":"type-product","3":"status-publish","4":"has-post-thumbnail","6":"product_cat-nekategorisano","8":"first","9":"instock","10":"sale","11":"shipping-taxable","12":"purchasable","13":"product-type-simple"},"_links":{"self":[{"href":"https:\/\/alatcentar.com\/index.php?rest_route=\/wp\/v2\/product\/3717","targetHints":{"allow":["GET"]}}],"collection":[{"href":"https:\/\/alatcentar.com\/index.php?rest_route=\/wp\/v2\/product"}],"about":[{"href":"https:\/\/alatcentar.com\/index.php?rest_route=\/wp\/v2\/types\/product"}],"replies":[{"embeddable":true,"href":"https:\/\/alatcentar.com\/index.php?rest_route=%2Fwp%2Fv2%2Fcomments&post=3717"}],"wp:featuredmedia":[{"embeddable":true,"href":"https:\/\/alatcentar.com\/index.php?rest_route=\/wp\/v2\/media\/3740"}],"wp:attachment":[{"href":"https:\/\/alatcentar.com\/index.php?rest_route=%2Fwp%2Fv2%2Fmedia&parent=3717"}],"wp:term":[{"taxonomy":"product_brand","embeddable":true,"href":"https:\/\/alatcentar.com\/index.php?rest_route=%2Fwp%2Fv2%2Fproduct_brand&post=3717"},{"taxonomy":"product_cat","embeddable":true,"href":"https:\/\/alatcentar.com\/index.php?rest_route=%2Fwp%2Fv2%2Fproduct_cat&post=3717"},{"taxonomy":"product_tag","embeddable":true,"href":"https:\/\/alatcentar.com\/index.php?rest_route=%2Fwp%2Fv2%2Fproduct_tag&post=3717"}],"curies":[{"name":"wp","href":"https:\/\/api.w.org\/{rel}","templated":true}]}}