{"id":3677,"date":"2026-03-10T05:58:34","date_gmt":"2026-03-10T04:58:34","guid":{"rendered":"https:\/\/alatcentar.com\/?post_type=product&#038;p=3677"},"modified":"2026-03-10T06:00:11","modified_gmt":"2026-03-10T05:00:11","slug":"auto-starter-punjac-za-akumulator-650a-kzubr","status":"publish","type":"product","link":"https:\/\/alatcentar.com\/?product=auto-starter-punjac-za-akumulator-650a-kzubr","title":{"rendered":"AUTO STARTER PUNJA\u010c ZA AKUMULATOR 650A KZUBR"},"content":{"rendered":"<p>&#x1f50b; Kzubr KCD-650 \u2013 Profesionalni punja\u010d i startni ure\u0111aj za akumulatore<\/p>\n<p>Kzubr KCD-650 je sna\u017ean i pouzdan punja\u010d akumulatora sa START funkcijom, namijenjen za vozila, kombije, radne ma\u0161ine i servisnu upotrebu. Idealan za brzo pokretanje vozila sa praznim akumulatorom i sigurno punjenje baterija.<\/p>\n<p>399,9 KM<\/p>\n<p>&#x2705; Glavne karakteristike:<\/p>\n<p>&#x26a1; Punjenje i START funkcija (BOOST)<\/p>\n<p>&#x1f50c; Podr\u017eava 12V i 24V akumulatore<\/p>\n<p>&#x1f4ca; Digitalni displej za pra\u0107enje struje punjenja<\/p>\n<p>&#x1f39a;&#xfe0f; Pode\u0161avanje ja\u010dine punjenja<\/p>\n<p>&#x1f9f2; Masivne, kvalitetne kleme za siguran kontakt<\/p>\n<p>&#x1f6e0;&#xfe0f; Robusno metalno ku\u0107i\u0161te \u2013 dug vijek trajanja<\/p>\n<p>&#x1f504; Vi\u0161e re\u017eima rada (punjenje \/ brzo punjenje \/ start)<\/p>\n<p>&#x1f697; Primjena:<\/p>\n<p>Putni\u010dka vozila<\/p>\n<p>Kombiji i laka teretna vozila<\/p>\n<p>Traktori i radne ma\u0161ine<\/p>\n<p>Auto-servisi, vulkanizerske i mehani\u010darske radionice<\/p>\n<p>&#x1f512; Sigurnost:<\/p>\n<p>Za\u0161tita od preoptere\u0107enja<\/p>\n<p>Za\u0161tita od pogre\u0161nog polariteta<\/p>\n<p>Stabilan i siguran rad<\/p>\n<p>&#x1f449; Pouzdan alat za svaku gara\u017eu ili profesionalni servis.<\/p>\n","protected":false},"excerpt":{"rendered":"<p>&#x1f50b; Kzubr KCD-650 \u2013 Profesionalni punja\u010d i startni ure\u0111aj za akumulatore<\/p>\n<p>Kzubr KCD-650 je sna\u017ean i pouzdan punja\u010d akumulatora sa START funkcijom, namijenjen za vozila, kombije, radne ma\u0161ine i servisnu upotrebu. Idealan za brzo pokretanje vozila sa praznim akumulatorom i sigurno punjenje baterija.<\/p>\n<p>399,9 KM<\/p>\n<p>&#x2705; Glavne karakteristike:<\/p>\n<p>&#x26a1; Punjenje i START funkcija (BOOST)<\/p>\n<p>&#x1f50c; Podr\u017eava 12V i 24V akumulatore<\/p>\n<p>&#x1f4ca; Digitalni displej za pra\u0107enje struje punjenja<\/p>\n<p>&#x1f39a;&#xfe0f; Pode\u0161avanje ja\u010dine punjenja<\/p>\n<p>&#x1f9f2; Masivne, kvalitetne kleme za siguran kontakt<\/p>\n<p>&#x1f6e0;&#xfe0f; Robusno metalno ku\u0107i\u0161te \u2013 dug vijek trajanja<\/p>\n<p>&#x1f504; Vi\u0161e re\u017eima rada (punjenje \/ brzo punjenje \/ start)<\/p>\n<p>&#x1f697; Primjena:<\/p>\n<p>Putni\u010dka vozila<\/p>\n<p>Kombiji i laka teretna vozila<\/p>\n<p>Traktori i radne ma\u0161ine<\/p>\n<p>Auto-servisi, vulkanizerske i mehani\u010darske radionice<\/p>\n<p>&#x1f512; Sigurnost:<\/p>\n<p>Za\u0161tita od preoptere\u0107enja<\/p>\n<p>Za\u0161tita od pogre\u0161nog polariteta<\/p>\n<p>Stabilan i siguran rad<\/p>\n<p>&#x1f449; Pouzdan alat za svaku gara\u017eu ili profesionalni servis.<\/p>\n","protected":false},"featured_media":3705,"comment_status":"open","ping_status":"closed","template":"","meta":[],"product_brand":[],"product_cat":[15],"product_tag":[],"class_list":{"0":"post-3677","1":"product","2":"type-product","3":"status-publish","4":"has-post-thumbnail","6":"product_cat-nekategorisano","8":"first","9":"instock","10":"sale","11":"shipping-taxable","12":"purchasable","13":"product-type-simple"},"_links":{"self":[{"href":"https:\/\/alatcentar.com\/index.php?rest_route=\/wp\/v2\/product\/3677","targetHints":{"allow":["GET"]}}],"collection":[{"href":"https:\/\/alatcentar.com\/index.php?rest_route=\/wp\/v2\/product"}],"about":[{"href":"https:\/\/alatcentar.com\/index.php?rest_route=\/wp\/v2\/types\/product"}],"replies":[{"embeddable":true,"href":"https:\/\/alatcentar.com\/index.php?rest_route=%2Fwp%2Fv2%2Fcomments&post=3677"}],"wp:featuredmedia":[{"embeddable":true,"href":"https:\/\/alatcentar.com\/index.php?rest_route=\/wp\/v2\/media\/3705"}],"wp:attachment":[{"href":"https:\/\/alatcentar.com\/index.php?rest_route=%2Fwp%2Fv2%2Fmedia&parent=3677"}],"wp:term":[{"taxonomy":"product_brand","embeddable":true,"href":"https:\/\/alatcentar.com\/index.php?rest_route=%2Fwp%2Fv2%2Fproduct_brand&post=3677"},{"taxonomy":"product_cat","embeddable":true,"href":"https:\/\/alatcentar.com\/index.php?rest_route=%2Fwp%2Fv2%2Fproduct_cat&post=3677"},{"taxonomy":"product_tag","embeddable":true,"href":"https:\/\/alatcentar.com\/index.php?rest_route=%2Fwp%2Fv2%2Fproduct_tag&post=3677"}],"curies":[{"name":"wp","href":"https:\/\/api.w.org\/{rel}","templated":true}]}}