{"id":3674,"date":"2026-03-10T05:58:34","date_gmt":"2026-03-10T04:58:34","guid":{"rendered":"https:\/\/alatcentar.com\/?post_type=product&#038;p=3674"},"modified":"2026-03-10T05:59:58","modified_gmt":"2026-03-10T04:59:58","slug":"aku-kompresor-128v","status":"publish","type":"product","link":"https:\/\/alatcentar.com\/?product=aku-kompresor-128v","title":{"rendered":"Aku kompresor 128V"},"content":{"rendered":"<p>&#x1f50b; Aku kompresor \u2013 baterija 128V<\/p>\n<p>Kvalitetan i sna\u017ean aku kompresor namijenjen za ku\u0107nu, gara\u017enu i terensku upotrebu. Zahvaljuju\u0107i jakoj bateriji od 128V, omogu\u0107ava stabilan rad bez priklju\u010dka na struju, \u0161to ga \u010dini idealnim za upotrebu u svakoj situaciji \u2013 na putu, u dvori\u0161tu ili radionici.<\/p>\n<p>Kompresor je opremljen ugra\u0111enim manometrom koji omogu\u0107ava precizno pra\u0107enje i pode\u0161avanje pritiska. \u010cvrsta i kompaktna konstrukcija osigurava dug vijek trajanja, dok prakti\u010dna ru\u010dka olak\u0161ava preno\u0161enje.<\/p>\n<p>&#x2699;&#xfe0f; Karakteristike:<br \/>\n\u2022 Sna\u017ena aku baterija 128V<br \/>\n\u2022 Precizan manometar<br \/>\n\u2022 Kompaktan i lagan dizajn<br \/>\n\u2022 Jednostavno kori\u0161tenje<br \/>\n\u2022 Pogodan za napuhavanje auto i moto guma, bicikla, lopti, madraca i sli\u010dno<\/p>\n<p>&#x2705; Pouzdan alat za svakog voza\u010da, majstora i doma\u0107instvo.<\/p>\n","protected":false},"excerpt":{"rendered":"<p style=\"text-align: center\">&#x1f50b; Aku kompresor \u2013 baterija 128V<\/p>\n<p>Kvalitetan i sna\u017ean aku kompresor namijenjen za ku\u0107nu, gara\u017enu i terensku upotrebu. Zahvaljuju\u0107i jakoj bateriji od 128V, omogu\u0107ava stabilan rad bez priklju\u010dka na struju, \u0161to ga \u010dini idealnim za upotrebu u svakoj situaciji \u2013 na putu, u dvori\u0161tu ili radionici.<\/p>\n<p>Kompresor je opremljen ugra\u0111enim manometrom koji omogu\u0107ava precizno pra\u0107enje i pode\u0161avanje pritiska. \u010cvrsta i kompaktna konstrukcija osigurava dug vijek trajanja, dok prakti\u010dna ru\u010dka olak\u0161ava preno\u0161enje.<\/p>\n<p>&#x2699;&#xfe0f; Karakteristike:<br \/>\n\u2022 Sna\u017ena aku baterija 128V<br \/>\n\u2022 Precizan manometar<br \/>\n\u2022 Kompaktan i lagan dizajn<br \/>\n\u2022 Jednostavno kori\u0161tenje<br \/>\n\u2022 Pogodan za napuhavanje auto i moto guma, bicikla, lopti, madraca i sli\u010dno<\/p>\n<p>&#x2705; Pouzdan alat za svakog voza\u010da, majstora i doma\u0107instvo.<\/p>\n","protected":false},"featured_media":3700,"comment_status":"open","ping_status":"closed","template":"","meta":[],"product_brand":[],"product_cat":[15],"product_tag":[],"class_list":{"0":"post-3674","1":"product","2":"type-product","3":"status-publish","4":"has-post-thumbnail","6":"product_cat-nekategorisano","8":"first","9":"instock","10":"sale","11":"shipping-taxable","12":"purchasable","13":"product-type-simple"},"_links":{"self":[{"href":"https:\/\/alatcentar.com\/index.php?rest_route=\/wp\/v2\/product\/3674","targetHints":{"allow":["GET"]}}],"collection":[{"href":"https:\/\/alatcentar.com\/index.php?rest_route=\/wp\/v2\/product"}],"about":[{"href":"https:\/\/alatcentar.com\/index.php?rest_route=\/wp\/v2\/types\/product"}],"replies":[{"embeddable":true,"href":"https:\/\/alatcentar.com\/index.php?rest_route=%2Fwp%2Fv2%2Fcomments&post=3674"}],"wp:featuredmedia":[{"embeddable":true,"href":"https:\/\/alatcentar.com\/index.php?rest_route=\/wp\/v2\/media\/3700"}],"wp:attachment":[{"href":"https:\/\/alatcentar.com\/index.php?rest_route=%2Fwp%2Fv2%2Fmedia&parent=3674"}],"wp:term":[{"taxonomy":"product_brand","embeddable":true,"href":"https:\/\/alatcentar.com\/index.php?rest_route=%2Fwp%2Fv2%2Fproduct_brand&post=3674"},{"taxonomy":"product_cat","embeddable":true,"href":"https:\/\/alatcentar.com\/index.php?rest_route=%2Fwp%2Fv2%2Fproduct_cat&post=3674"},{"taxonomy":"product_tag","embeddable":true,"href":"https:\/\/alatcentar.com\/index.php?rest_route=%2Fwp%2Fv2%2Fproduct_tag&post=3674"}],"curies":[{"name":"wp","href":"https:\/\/api.w.org\/{rel}","templated":true}]}}