{"id":3668,"date":"2026-03-10T05:58:34","date_gmt":"2026-03-10T04:58:34","guid":{"rendered":"https:\/\/alatcentar.com\/?post_type=product&#038;p=3668"},"modified":"2026-03-10T05:59:27","modified_gmt":"2026-03-10T04:59:27","slug":"set-3u1-dewalt-128v-2-baterije-brushless","status":"publish","type":"product","link":"https:\/\/alatcentar.com\/?product=set-3u1-dewalt-128v-2-baterije-brushless","title":{"rendered":"Set 3u1 DeWALT 128V 2 baterije BRUSHLESS"},"content":{"rendered":"<p>AKU Bu\u0161ilica, AKU Odvija\u010d i AKU Brusilica 128v sa Alatom (DeWalt Set 3u1)<\/p>\n<p>&#x2705; Set 3u1 Aku Odvija\u010d, Aku Brusilica i Aku Bu\u0161ilica<\/p>\n<p>&#x2705; 2x Baterija 128v<\/p>\n<p>&#x2705; Br. okretaja \u2013 slobodni hod&#x23e9;11.000 r\/min.<\/p>\n<p>&#x2705; Aku Bu\u0161ilica udarna\/\u010deki\u0107 sa Lijevi\/Desni smjer<\/p>\n<p>&#x2705; Aku odvija\u010d Lijevi\/Desni smjer, 350Nm<\/p>\n<p>&#x2705; Aku brusilica 125mm sa 3 moda rada<\/p>\n<p>&#x2705; U setu dolazi: Aku Brusilica, Aku Odvija\u010d, Aku Bu\u0161ilica udarna\/\u010deki\u0107 2x Baterija 128v, Punja\u010d Klizni, \u0160titnik i Ru\u010dka za brusilicu, Klju\u010d za brusne plo\u010de i Alat za Aku Bu\u0161ilicu PVC Kofer<\/p>\n<p>Napomena: slike su orginalne ili identi\u010dne ali Alat\/Ure\u0111aj nije orginal DeWalt<\/p>\n<p>&#8211; Cijena: 159,9 KM<\/p>\n","protected":false},"excerpt":{"rendered":"<p>AKU Bu\u0161ilica, AKU Odvija\u010d i AKU Brusilica 128v sa Alatom (DeWalt Set 3u1)<\/p>\n<p>&#x2705; Set 3u1 Aku Odvija\u010d, Aku Brusilica i Aku Bu\u0161ilica<\/p>\n<p>&#x2705; 2x Baterija 128v<\/p>\n<p>&#x2705; Br. okretaja \u2013 slobodni hod&#x23e9;11.000 r\/min.<\/p>\n<p>&#x2705; Aku Bu\u0161ilica udarna\/\u010deki\u0107 sa Lijevi\/Desni smjer<\/p>\n<p>&#x2705; Aku odvija\u010d Lijevi\/Desni smjer, 350Nm<\/p>\n<p>&#x2705; Aku brusilica 125mm sa 3 moda rada<\/p>\n<p>&#x2705; U setu dolazi: Aku Brusilica, Aku Odvija\u010d, Aku Bu\u0161ilica udarna\/\u010deki\u0107 2x Baterija 128v, Punja\u010d Klizni, \u0160titnik i Ru\u010dka za brusilicu, Klju\u010d za brusne plo\u010de i Alat za Aku Bu\u0161ilicu PVC Kofer<\/p>\n<p>Napomena: slike su orginalne ili identi\u010dne ali Alat\/Ure\u0111aj nije orginal DeWalt<\/p>\n<p>&#8211; Cijena: 149 KM<\/p>\n","protected":false},"featured_media":3691,"comment_status":"open","ping_status":"closed","template":"","meta":[],"product_brand":[],"product_cat":[15],"product_tag":[],"class_list":{"0":"post-3668","1":"product","2":"type-product","3":"status-publish","4":"has-post-thumbnail","6":"product_cat-nekategorisano","8":"first","9":"instock","10":"sale","11":"shipping-taxable","12":"purchasable","13":"product-type-simple"},"_links":{"self":[{"href":"https:\/\/alatcentar.com\/index.php?rest_route=\/wp\/v2\/product\/3668","targetHints":{"allow":["GET"]}}],"collection":[{"href":"https:\/\/alatcentar.com\/index.php?rest_route=\/wp\/v2\/product"}],"about":[{"href":"https:\/\/alatcentar.com\/index.php?rest_route=\/wp\/v2\/types\/product"}],"replies":[{"embeddable":true,"href":"https:\/\/alatcentar.com\/index.php?rest_route=%2Fwp%2Fv2%2Fcomments&post=3668"}],"wp:featuredmedia":[{"embeddable":true,"href":"https:\/\/alatcentar.com\/index.php?rest_route=\/wp\/v2\/media\/3691"}],"wp:attachment":[{"href":"https:\/\/alatcentar.com\/index.php?rest_route=%2Fwp%2Fv2%2Fmedia&parent=3668"}],"wp:term":[{"taxonomy":"product_brand","embeddable":true,"href":"https:\/\/alatcentar.com\/index.php?rest_route=%2Fwp%2Fv2%2Fproduct_brand&post=3668"},{"taxonomy":"product_cat","embeddable":true,"href":"https:\/\/alatcentar.com\/index.php?rest_route=%2Fwp%2Fv2%2Fproduct_cat&post=3668"},{"taxonomy":"product_tag","embeddable":true,"href":"https:\/\/alatcentar.com\/index.php?rest_route=%2Fwp%2Fv2%2Fproduct_tag&post=3668"}],"curies":[{"name":"wp","href":"https:\/\/api.w.org\/{rel}","templated":true}]}}