{"id":3666,"date":"2026-03-10T05:58:34","date_gmt":"2026-03-10T04:58:34","guid":{"rendered":"https:\/\/alatcentar.com\/?post_type=product&#038;p=3666"},"modified":"2026-03-10T05:59:22","modified_gmt":"2026-03-10T04:59:22","slug":"teleskopske-aluminijumske-ljestve-25x25m-5-metara-poboljsani-model","status":"publish","type":"product","link":"https:\/\/alatcentar.com\/?product=teleskopske-aluminijumske-ljestve-25x25m-5-metara-poboljsani-model","title":{"rendered":"TELESKOPSKE ALUMINIJUMSKE LJESTVE 2,5&#215;2,5m 5 metara POBOLJ\u0160ANI MODEL"},"content":{"rendered":"<p>&#x1f527;<strong> TELESKOPSKE ALUMINIJSKE LJESTVE 2,5 m x 2,5 m \u2013 RASKLOPIVE (NOVI POBOLJ\u0160ANI MODEL) <\/strong>&#x1f527;<\/p>\n<p><strong>Kvalitetne teleskopske aluminijske ljestve, idealne za ku\u0107nu i profesionalnu upotrebu. Zahvaljuju\u0107i pametnom rasklopivom dizajnu, mogu se koristiti kao ravne ljestve, A-ljestve ili sklopljene za lak transport i skladi\u0161tenje.<\/strong><\/p>\n<p><strong>Sklopive na 1 metar laksi transport u gepeku automobila<\/strong><\/p>\n<p>&#x2705;<strong> Specifikacije:<\/strong><\/p>\n<p><strong>Maksimalna visina: 2,5 m + 2,5 m<\/strong><\/p>\n<p><strong>Materijal: oja\u010dani aluminij<\/strong><\/p>\n<p><strong>Novi pobolj\u0161ani model \u2013 ja\u010da konstrukcija i bolja stabilnost<\/strong><\/p>\n<p><strong>Sigurnosni mehanizmi zaklju\u010davanja na svakoj stepenici<\/strong><\/p>\n<p><strong>Protuklizne gumene nogice<\/strong><\/p>\n<p><strong>Lagane, ali izuzetno \u010dvrste<\/strong><\/p>\n<p><strong>Jednostavno sklapanje i rasklapanje<\/strong><\/p>\n<p>&#x2705;<strong> Namjena:<\/strong><\/p>\n<p><strong>Radovi oko ku\u0107e i dvori\u0161ta<\/strong><\/p>\n<p><strong>Gra\u0111evinski i monta\u017eni radovi<\/strong><\/p>\n<p><strong>Servisi, radionice, majstori<\/strong><\/p>\n<p>&#x1f4b0;<strong> Cijena: 319,9 KM<\/strong><\/p>\n<p>&#x1f69a;<strong> Dostava: BESPLATNA<\/strong><\/p>\n<p>&#x1f4e6;<strong> Stanje: novo<\/strong><\/p>\n","protected":false},"excerpt":{"rendered":"<p>&#x1f527;<strong> TELESKOPSKE ALUMINIJSKE LJESTVE 2,5 m x 2,5 m \u2013 RASKLOPIVE (NOVI POBOLJ\u0160ANI MODEL) <\/strong>&#x1f527;<\/p>\n<p><strong>Kvalitetne teleskopske aluminijske ljestve, idealne za ku\u0107nu i profesionalnu upotrebu. Zahvaljuju\u0107i pametnom rasklopivom dizajnu, mogu se koristiti kao ravne ljestve, A-ljestve ili sklopljene za lak transport i skladi\u0161tenje.<\/strong><\/p>\n<p><strong>Sklopive na 1 metar laksi transport u gepeku automobila<\/strong><\/p>\n<p>&#x2705;<strong> Specifikacije:<\/strong><\/p>\n<p><strong>Maksimalna visina: 2,5 m + 2,5 m<\/strong><\/p>\n<p><strong>Materijal: oja\u010dani aluminij<\/strong><\/p>\n<p><strong>Novi pobolj\u0161ani model \u2013 ja\u010da konstrukcija i bolja stabilnost<\/strong><\/p>\n<p><strong>Sigurnosni mehanizmi zaklju\u010davanja na svakoj stepenici<\/strong><\/p>\n<p><strong>Protuklizne gumene nogice<\/strong><\/p>\n<p><strong>Lagane, ali izuzetno \u010dvrste<\/strong><\/p>\n<p><strong>Jednostavno sklapanje i rasklapanje<\/strong><\/p>\n<p>&#x2705;<strong> Namjena:<\/strong><\/p>\n<p><strong>Radovi oko ku\u0107e i dvori\u0161ta<\/strong><\/p>\n<p><strong>Gra\u0111evinski i monta\u017eni radovi<\/strong><\/p>\n<p><strong>Servisi, radionice, majstori<\/strong><\/p>\n<p>&#x1f4b0;<strong> Cijena: 319,9 KM<\/strong><\/p>\n<p>&#x1f69a;<strong> Dostava: BESPLATNA<\/strong><\/p>\n","protected":false},"featured_media":3687,"comment_status":"open","ping_status":"closed","template":"","meta":[],"product_brand":[],"product_cat":[15,41,38,39],"product_tag":[],"class_list":{"0":"post-3666","1":"product","2":"type-product","3":"status-publish","4":"has-post-thumbnail","6":"product_cat-nekategorisano","7":"product_cat-gradjevinarstvo","8":"product_cat-masine-i-alati","9":"product_cat-moj-dom","11":"first","12":"instock","13":"sale","14":"shipping-taxable","15":"purchasable","16":"product-type-simple"},"_links":{"self":[{"href":"https:\/\/alatcentar.com\/index.php?rest_route=\/wp\/v2\/product\/3666","targetHints":{"allow":["GET"]}}],"collection":[{"href":"https:\/\/alatcentar.com\/index.php?rest_route=\/wp\/v2\/product"}],"about":[{"href":"https:\/\/alatcentar.com\/index.php?rest_route=\/wp\/v2\/types\/product"}],"replies":[{"embeddable":true,"href":"https:\/\/alatcentar.com\/index.php?rest_route=%2Fwp%2Fv2%2Fcomments&post=3666"}],"wp:featuredmedia":[{"embeddable":true,"href":"https:\/\/alatcentar.com\/index.php?rest_route=\/wp\/v2\/media\/3687"}],"wp:attachment":[{"href":"https:\/\/alatcentar.com\/index.php?rest_route=%2Fwp%2Fv2%2Fmedia&parent=3666"}],"wp:term":[{"taxonomy":"product_brand","embeddable":true,"href":"https:\/\/alatcentar.com\/index.php?rest_route=%2Fwp%2Fv2%2Fproduct_brand&post=3666"},{"taxonomy":"product_cat","embeddable":true,"href":"https:\/\/alatcentar.com\/index.php?rest_route=%2Fwp%2Fv2%2Fproduct_cat&post=3666"},{"taxonomy":"product_tag","embeddable":true,"href":"https:\/\/alatcentar.com\/index.php?rest_route=%2Fwp%2Fv2%2Fproduct_tag&post=3666"}],"curies":[{"name":"wp","href":"https:\/\/api.w.org\/{rel}","templated":true}]}}