{"id":3648,"date":"2026-03-10T05:57:32","date_gmt":"2026-03-10T04:57:32","guid":{"rendered":"https:\/\/alatcentar.com\/?post_type=product&#038;p=3648"},"modified":"2026-03-10T05:57:33","modified_gmt":"2026-03-10T04:57:33","slug":"set-za-kompresor-5-dijelova","status":"publish","type":"product","link":"https:\/\/alatcentar.com\/?product=set-za-kompresor-5-dijelova","title":{"rendered":"Set za kompresor 5 dijelova"},"content":{"rendered":"<p>&#x1f527; Set za kompresor \u2013 5 dijelova<\/p>\n<p>Prakti\u010dan i neophodan set dodataka za kompresor, idealan za radionice, gara\u017ee i ku\u0107nu upotrebu.<\/p>\n<p>Set sadr\u017ei:<\/p>\n<p>&#x2714; Pi\u0161tolj za pumpanje guma sa manometrom<\/p>\n<p>&#x2714; Spiralno crijevo za zrak<\/p>\n<p>&#x2714; Pi\u0161tolj za puhanje (\u010di\u0161\u0107enje)<\/p>\n<p>&#x2714; Pi\u0161tolj za pranje<\/p>\n<p>&#x2714; Pi\u0161tolj za farbanje sa metalnom posudom<\/p>\n<p>&#x2705; Jednostavno povezivanje na kompresor<\/p>\n<p>&#x2705; Kvalitetna izrada i dug vijek trajanja<\/p>\n<p>&#x2705; Pogodno za pumpanje, \u010di\u0161\u0107enje, pranje i farbanje<\/p>\n<p>Odli\u010dan set za svakog majstora i auto-servis &#x1f697;<\/p>\n<p>&#x1f69a; Brza dostava<\/p>\n","protected":false},"excerpt":{"rendered":"<p>&#x1f527; Set za kompresor \u2013 5 dijelova Prakti\u010dan i neophodan set dodataka za kompresor, idealan za radionice, gara\u017ee i ku\u0107nu upotrebu. Set sadr\u017ei: &#x2714; Pi\u0161tolj za pumpanje guma sa manometrom &#x2714; Spiralno crijevo za zrak &#x2714; Pi\u0161tolj za puhanje (\u010di\u0161\u0107enje) &#x2714; Pi\u0161tolj za pranje &#x2714; Pi\u0161tolj za farbanje sa metalnom posudom &#x2705; Jednostavno povezivanje na [&hellip;]<\/p>\n","protected":false},"featured_media":3592,"comment_status":"open","ping_status":"closed","template":"","meta":[],"product_brand":[],"product_cat":[15],"product_tag":[],"class_list":{"0":"post-3648","1":"product","2":"type-product","3":"status-publish","4":"has-post-thumbnail","6":"product_cat-nekategorisano","8":"first","9":"instock","10":"sale","11":"shipping-taxable","12":"purchasable","13":"product-type-simple"},"_links":{"self":[{"href":"https:\/\/alatcentar.com\/index.php?rest_route=\/wp\/v2\/product\/3648","targetHints":{"allow":["GET"]}}],"collection":[{"href":"https:\/\/alatcentar.com\/index.php?rest_route=\/wp\/v2\/product"}],"about":[{"href":"https:\/\/alatcentar.com\/index.php?rest_route=\/wp\/v2\/types\/product"}],"replies":[{"embeddable":true,"href":"https:\/\/alatcentar.com\/index.php?rest_route=%2Fwp%2Fv2%2Fcomments&post=3648"}],"wp:featuredmedia":[{"embeddable":true,"href":"https:\/\/alatcentar.com\/index.php?rest_route=\/wp\/v2\/media\/3592"}],"wp:attachment":[{"href":"https:\/\/alatcentar.com\/index.php?rest_route=%2Fwp%2Fv2%2Fmedia&parent=3648"}],"wp:term":[{"taxonomy":"product_brand","embeddable":true,"href":"https:\/\/alatcentar.com\/index.php?rest_route=%2Fwp%2Fv2%2Fproduct_brand&post=3648"},{"taxonomy":"product_cat","embeddable":true,"href":"https:\/\/alatcentar.com\/index.php?rest_route=%2Fwp%2Fv2%2Fproduct_cat&post=3648"},{"taxonomy":"product_tag","embeddable":true,"href":"https:\/\/alatcentar.com\/index.php?rest_route=%2Fwp%2Fv2%2Fproduct_tag&post=3648"}],"curies":[{"name":"wp","href":"https:\/\/api.w.org\/{rel}","templated":true}]}}