{"id":3610,"date":"2026-03-10T05:55:34","date_gmt":"2026-03-10T04:55:34","guid":{"rendered":"https:\/\/alatcentar.com\/?post_type=product&#038;p=3610"},"modified":"2026-04-12T10:01:13","modified_gmt":"2026-04-12T08:01:13","slug":"sef-za-oruzje-i-novac-20x31x20cm","status":"publish","type":"product","link":"https:\/\/alatcentar.com\/?product=sef-za-oruzje-i-novac-20x31x20cm","title":{"rendered":"SEF ZA ORUZJE I NOVAC 20x31x20cm"},"content":{"rendered":"<p>&#x1f510; Sigurnosni sef sa elektri\u010dnom bravom \u2013 79,9<\/p>\n<p>Kompaktan i pouzdan sef idealan za \u010duvanje novca, dokumenata, nakita i drugih vrijednosti.<\/p>\n<p>&#x2705; Elektri\u010dna brava (jednostavno i sigurno zaklju\u010davanje)<\/p>\n<p>&#x2705; Dolazi sa 2 klju\u010da<\/p>\n<p>&#x2705; \u010cvrsta metalna konstrukcija<\/p>\n<p>&#x2705; Dimenzije: 20x31x20 cm<\/p>\n<p>Savr\u0161eno rje\u0161enje za ku\u0107u, stan, kancelariju ili poslovni prostor.<\/p>\n","protected":false},"excerpt":{"rendered":"<p>&#x1f510; Sigurnosni sef sa elektri\u010dnom bravom \u2013 79,9<\/p>\n<p>Kompaktan i pouzdan sef idealan za \u010duvanje novca, dokumenata, nakita i drugih vrijednosti.<\/p>\n<p>&#x2705; Elektri\u010dna brava (jednostavno i sigurno zaklju\u010davanje)<\/p>\n<p>&#x2705; Dolazi sa 2 klju\u010da<\/p>\n<p>&#x2705; \u010cvrsta metalna konstrukcija<\/p>\n<p>&#x2705; Dimenzije: 20x31x20cm<\/p>\n<p>Savr\u0161eno rje\u0161enje za ku\u0107u, stan, kancelariju ili poslovni prostor.<\/p>\n","protected":false},"featured_media":3509,"comment_status":"open","ping_status":"closed","template":"","meta":[],"product_brand":[],"product_cat":[15],"product_tag":[],"class_list":{"0":"post-3610","1":"product","2":"type-product","3":"status-publish","4":"has-post-thumbnail","6":"product_cat-nekategorisano","8":"first","9":"instock","10":"shipping-taxable","11":"purchasable","12":"product-type-simple"},"_links":{"self":[{"href":"https:\/\/alatcentar.com\/index.php?rest_route=\/wp\/v2\/product\/3610","targetHints":{"allow":["GET"]}}],"collection":[{"href":"https:\/\/alatcentar.com\/index.php?rest_route=\/wp\/v2\/product"}],"about":[{"href":"https:\/\/alatcentar.com\/index.php?rest_route=\/wp\/v2\/types\/product"}],"replies":[{"embeddable":true,"href":"https:\/\/alatcentar.com\/index.php?rest_route=%2Fwp%2Fv2%2Fcomments&post=3610"}],"wp:featuredmedia":[{"embeddable":true,"href":"https:\/\/alatcentar.com\/index.php?rest_route=\/wp\/v2\/media\/3509"}],"wp:attachment":[{"href":"https:\/\/alatcentar.com\/index.php?rest_route=%2Fwp%2Fv2%2Fmedia&parent=3610"}],"wp:term":[{"taxonomy":"product_brand","embeddable":true,"href":"https:\/\/alatcentar.com\/index.php?rest_route=%2Fwp%2Fv2%2Fproduct_brand&post=3610"},{"taxonomy":"product_cat","embeddable":true,"href":"https:\/\/alatcentar.com\/index.php?rest_route=%2Fwp%2Fv2%2Fproduct_cat&post=3610"},{"taxonomy":"product_tag","embeddable":true,"href":"https:\/\/alatcentar.com\/index.php?rest_route=%2Fwp%2Fv2%2Fproduct_tag&post=3610"}],"curies":[{"name":"wp","href":"https:\/\/api.w.org\/{rel}","templated":true}]}}