{"id":3609,"date":"2026-03-10T05:55:34","date_gmt":"2026-03-10T04:55:34","guid":{"rendered":"https:\/\/alatcentar.com\/?post_type=product&#038;p=3609"},"modified":"2026-03-10T05:56:19","modified_gmt":"2026-03-10T04:56:19","slug":"sef-za-oruzje-i-nakit-25x35x25cm-novo","status":"publish","type":"product","link":"https:\/\/alatcentar.com\/?product=sef-za-oruzje-i-nakit-25x35x25cm-novo","title":{"rendered":"SEF ZA ORU\u017dJE I NAKIT 25x35x25cm NOVO"},"content":{"rendered":"<p><strong>NOVO NA STANJU<\/strong><\/p>\n<p>&#x1f510; Sigurnosni sef sa elektri\u010dnom bravom \u2013 110 KM<\/p>\n<p>Kompaktan i pouzdan sef idealan za \u010duvanje novca, dokumenata, nakita i drugih vrijednosti.<\/p>\n<p>&#x2705; Elektri\u010dna brava (jednostavno i sigurno zaklju\u010davanje)<\/p>\n<p>&#x2705; Dolazi sa 2 klju\u010da<\/p>\n<p>&#x2705; \u010cvrsta metalna konstrukcija<\/p>\n<p>&#x2705; Dimenzije: 25 x 35 x 25 cm<\/p>\n<p>Savr\u0161eno rje\u0161enje za ku\u0107u, stan, kancelariju ili poslovni prostor.<\/p>\n","protected":false},"excerpt":{"rendered":"<p>&#x1f510; Sigurnosni sef sa elektri\u010dnom bravom \u2013 110 KM<\/p>\n<p>Kompaktan i pouzdan sef idealan za \u010duvanje novca, dokumenata, nakita i drugih vrijednosti.<\/p>\n<p>&#x2705; Elektri\u010dna brava (jednostavno i sigurno zaklju\u010davanje)<\/p>\n<p>&#x2705; Dolazi sa 2 klju\u010da<\/p>\n<p>&#x2705; \u010cvrsta metalna konstrukcija<\/p>\n<p>&#x2705; Dimenzije: 25 x 35 x 25 cm<\/p>\n<p>Savr\u0161eno rje\u0161enje za ku\u0107u, stan, kancelariju ili poslovni prostor.<\/p>\n","protected":false},"featured_media":3635,"comment_status":"open","ping_status":"closed","template":"","meta":[],"product_brand":[],"product_cat":[15],"product_tag":[],"class_list":{"0":"post-3609","1":"product","2":"type-product","3":"status-publish","4":"has-post-thumbnail","6":"product_cat-nekategorisano","8":"first","9":"instock","10":"sale","11":"shipping-taxable","12":"purchasable","13":"product-type-simple"},"_links":{"self":[{"href":"https:\/\/alatcentar.com\/index.php?rest_route=\/wp\/v2\/product\/3609","targetHints":{"allow":["GET"]}}],"collection":[{"href":"https:\/\/alatcentar.com\/index.php?rest_route=\/wp\/v2\/product"}],"about":[{"href":"https:\/\/alatcentar.com\/index.php?rest_route=\/wp\/v2\/types\/product"}],"replies":[{"embeddable":true,"href":"https:\/\/alatcentar.com\/index.php?rest_route=%2Fwp%2Fv2%2Fcomments&post=3609"}],"wp:featuredmedia":[{"embeddable":true,"href":"https:\/\/alatcentar.com\/index.php?rest_route=\/wp\/v2\/media\/3635"}],"wp:attachment":[{"href":"https:\/\/alatcentar.com\/index.php?rest_route=%2Fwp%2Fv2%2Fmedia&parent=3609"}],"wp:term":[{"taxonomy":"product_brand","embeddable":true,"href":"https:\/\/alatcentar.com\/index.php?rest_route=%2Fwp%2Fv2%2Fproduct_brand&post=3609"},{"taxonomy":"product_cat","embeddable":true,"href":"https:\/\/alatcentar.com\/index.php?rest_route=%2Fwp%2Fv2%2Fproduct_cat&post=3609"},{"taxonomy":"product_tag","embeddable":true,"href":"https:\/\/alatcentar.com\/index.php?rest_route=%2Fwp%2Fv2%2Fproduct_tag&post=3609"}],"curies":[{"name":"wp","href":"https:\/\/api.w.org\/{rel}","templated":true}]}}